n factor of 92 and 3105.
23
What is the highest common divisor of 1274 and 4312?
98
What is the greatest common divisor of 3060 and 490?
10
What is the highest common divisor of 35 and 180?
5
What is the greatest common divisor of 1349 and 19?
19
Calculate the greatest common divisor of 28 and 35.
7
What is the highest common factor of 155 and 25?
5
What is the greatest common factor of 1749 and 1007?
53
Calculate the highest common factor of 32 and 7552.
32
Calculate the highest common divisor of 172 and 129.
43
What is the greatest common factor of 12 and 36?
12
What is the greatest common divisor of 54 and 378?
54
What is the greatest common factor of 4 and 14?
2
Calculate the highest common divisor of 5 and 8495.
5
Calculate the highest common divisor of 44 and 88.
44
What is the greatest common factor of 2750 and 125?
125
What is the highest common divisor of 34 and 544?
34
Calculate the highest common divisor of 32 and 288.
32
What is the highest common divisor of 1445 and 85?
85
What is the greatest common factor of 1275 and 102?
51
What is the highest common divisor of 5770 and 10?
10
What is the greatest common factor of 300 and 255?
15
Calculate the highest common divisor of 135 and 120.
15
Calculate the greatest common divisor of 14 and 63.
7
What is the highest common divisor of 203 and 87?
29
What is the greatest common divisor of 126 and 612?
18
What is the highest common divisor of 855 and 19?
19
Calculate the highest common factor of 99 and 12573.
99
What is the highest common divisor of 364 and 252?
28
What is the greatest common divisor of 3675 and 40?
5
Calculate the highest common factor of 11 and 27467.
11
What is the greatest common divisor of 430 and 37195?
215
What is the greatest common factor of 343 and 14?
7
Calculate the greatest common divisor of 1840 and 104.
8
Calculate the greatest common divisor of 18 and 564.
6
What is the greatest common factor of 10 and 310?
10
Calculate the greatest common divisor of 350 and 56.
14
What is the greatest common factor of 39336 and 12?
12
What is the greatest common factor of 632 and 24?
8
Calculate the highest common divisor of 14 and 878.
2
Calculate the highest common factor of 210 and 735.
105
Calculate the highest common factor of 44 and 308.
44
Calculate the highest common factor of 32 and 5920.
32
Calculate the greatest common factor of 13 and 107.
1
Calculate the highest common factor of 635 and 2794.
127
Calculate the highest common factor of 10392 and 24.
24
What is the greatest common factor of 1349 and 323?
19
Calculate the highest common divisor of 5 and 81.
1
Calculate the highest common divisor of 66 and 6.
6
Calculate the highest common factor of 26 and 611.
13
What is the highest common divisor of 11616 and 256?
32
What is the highest common factor of 2 and 1556?
2
What is the highest common factor of 2009 and 98?
49
What is the highest common divisor of 420 and 160?
20
What is the highest common divisor of 1251 and 36?
9
Calculate the greatest common divisor of 117 and 18.
9
What is the greatest common divisor of 44 and 319?
11
What is the greatest common divisor of 243 and 54?
27
What is the highest common factor of 36 and 288?
36
What is the highest common divisor of 72 and 2772?
36
Calculate the highest common factor of 10508 and 568.
284
Calculate the highest common factor of 13 and 2119.
13
Calculate the highest common factor of 24 and 372.
12
Calculate the greatest common divisor of 20 and 12.
4
Calculate the greatest common divisor of 67 and 4087.
67
What is the highest common factor of 162 and 2124?
18
Calculate the greatest common factor of 95 and 80.
5
Calculate the highest common divisor of 1578 and 6.
6
What is the greatest common divisor of 85 and 55?
5
Calculate the greatest common divisor of 585 and 1287.
117
Calculate the greatest common divisor of 1121 and 59.
59
What is the greatest common factor of 147 and 189?
21
Calculate the highest common factor of 284 and 639.
71
Calculate the greatest common factor of 135 and 745.
5
Calculate the highest common divisor of 15 and 390.
15
What is the greatest common divisor of 1177 and 55?
11
What is the highest common divisor of 76 and 7486?
38
Calculate the greatest common divisor of 294 and 3192.
42
Calculate the greatest common factor of 21 and 7203.
21
Calculate the greatest common factor of 231 and 2046.
33
What is the highest common divisor of 13053 and 285?
57
What is the greatest common factor of 15 and 6?
3
Calculate the highest common factor of 472 and 177.
59
What is the greatest common divisor of 9 and 58923?
9
Calculate the highest common factor of 54 and 270.
54
What is the highest common divisor of 286 and 4?
2
Calculate the highest common factor of 1890 and 243.
27
What is the greatest common divisor of 105 and 105?
105
What is the highest common factor of 34 and 323?
17
Calculate the greatest common divisor of 25 and 520.
5
Calculate the highest common factor of 3157 and 4879.
287
What is the highest common divisor of 696 and 8?
8
Calculate the greatest common factor of 32 and 608.
32
What is the highest common divisor of 2 and 1578?
2
Calculate the highest common factor of 1386 and 72.
18
What is the highest common divisor of 14 and 994?
14
Calculate the greatest common factor of 5 and 805.
5
Calculate the greatest common divisor of 4730 and 258.
86
What is the greatest common factor of 114 and 6?
6
What is the highest common factor of 69 and 6?
3
Calculate the greatest common factor of 18 and 762.
6
Calculate the highest common divisor of 64 and 1472.
64
What is the highest common factor of 220 and 1012?
44
What is the greatest common factor of 42 and 6594?
42
What is the highest common factor of 1500 and 27?
3
Calculate the highest common factor of 55 and 535.
5
What is the greatest common divisor of 2432 and 38?
38
Calculate the highest common factor of 9 and 72.
9
What is the greatest common factor of 2040 and 20?
20
What is the highest common factor of 54 and 2214?
54
Calculate the highest common divisor of 54 and 138.
6
What is the greatest common factor of 13 and 1417?
13
Calculate the greatest common factor of 12 and 26868.
12
What is the greatest common divisor of 23 and 23?
23
Calculate the greatest common factor of 15 and 835.
5
What is the greatest common factor of 11 and 77?
11
What is the highest common factor of 529 and 207?
23
Calculate the highest common divisor of 39 and 221.
13
Calculate the greatest common divisor of 9 and 21.
3
Calculate the greatest common divisor of 481 and 728.
13
Calculate the highest common factor of 5 and 11.
1
What is the highest common factor of 90 and 585?
45
Calculate the highest common factor of 88 and 216.
8
Calculate the greatest common divisor of 64550 and 50.
50
What is the greatest common factor of 22 and 759?
11
What is the greatest common divisor of 143 and 25740?
143
Calculate the greatest common factor of 144 and 207.
9
Calculate the highest common divisor of 56 and 5964.
28
Calculate the highest common divisor of 6408 and 18.
18
What is the highest common divisor of 14616 and 224?
56
Calculate the greatest common factor of 4 and 4.
4
Calculate the greatest common divisor of 46 and 391.
23
What is the greatest common factor of 32 and 22928?
16
What is the greatest common divisor of 21788 and 26?
26
What is the greatest common divisor of 110 and 594?
22
What is the highest common divisor of 12 and 16788?
12
Calculate the highest common factor of 4720 and 40.
40
What is the greatest common divisor of 1316 and 70?
14
Calculate the greatest common divisor of 1542 and 12.
6
What is the highest common factor of 36 and 3684?
12
What is the highest common factor of 258 and 30?
6
Calculate the greatest common divisor of 315 and 65.
5
Calculate the greatest common divisor of 68 and 374.
34
What is the greatest common divisor of 22 and 22?
22
What is the highest common factor of 369 and 41?
41
Calculate the greatest common factor of 176 and 66.
22
Calculate the greatest common divisor of 48699 and 63.
63
Calculate the highest common divisor of 42 and 12.
6
Calculate the greatest common factor of 1359 and 1661.
151
What is the highest common factor of 34 and 578?
34
What is the highest common factor of 168 and 42?
42
What is the highe